{"id":8,"date":"2017-07-20T12:48:02","date_gmt":"2017-07-20T10:48:02","guid":{"rendered":"http:\/\/newtball.com\/?page_id=8"},"modified":"2017-07-25T10:27:02","modified_gmt":"2017-07-25T08:27:02","slug":"a-propos-de","status":"publish","type":"page","link":"https:\/\/newtball.com\/index.php\/a-propos-de\/","title":{"rendered":"\u00c0 propos du NewtBall"},"content":{"rendered":"<p>Le <em><strong>Newtball<\/strong>\u00a9<\/em>\u00a0est un jeu de balle qui se joue avec la main. Il oppose deux ou quatre joueurs. Le but du jeu est de r\u00e9ceptionner et de relancer une <strong><em><span style=\"color: #a93226;\">balle lest\u00e9e (400g ou 900g env.)<\/span><\/em> <\/strong>dans le camp adverse sans la frapper, indiff\u00e9remment avec la main droite ou la main gauche, de telle sorte que l&rsquo;adversaire ne puisse la relancer dans les limites du terrain, soit en mettant l&rsquo;adversaire hors de port\u00e9e de la balle, soit en l&rsquo;obligeant \u00e0 commettre une faute.<\/p>\n<p><img loading=\"lazy\" decoding=\"async\" class=\"alignnone size-medium wp-image-71\" src=\"http:\/\/newtball.com\/wp-content\/uploads\/2017\/07\/newtball-relance-300x168.jpg\" alt=\"\" width=\"300\" height=\"168\" srcset=\"https:\/\/newtball.com\/wp-content\/uploads\/2017\/07\/newtball-relance-300x168.jpg 300w, https:\/\/newtball.com\/wp-content\/uploads\/2017\/07\/newtball-relance.jpg 564w\" sizes=\"auto, (max-width: 300px) 100vw, 300px\" \/> <img loading=\"lazy\" decoding=\"async\" class=\"alignnone size-medium wp-image-72\" src=\"http:\/\/newtball.com\/wp-content\/uploads\/2017\/07\/newtball-relance-main-droite-300x168.jpg\" alt=\"\" width=\"300\" height=\"168\" srcset=\"https:\/\/newtball.com\/wp-content\/uploads\/2017\/07\/newtball-relance-main-droite-300x168.jpg 300w, https:\/\/newtball.com\/wp-content\/uploads\/2017\/07\/newtball-relance-main-droite.jpg 564w\" sizes=\"auto, (max-width: 300px) 100vw, 300px\" \/><\/p>\n<p>La finalit\u00e9 de ce jeu est la <strong><em><span style=\"color: #a93226;\">construction du corps<\/span><\/em><\/strong> afin de permettre de d\u00e9velopper de fa\u00e7on ludique une certaine dynamique corporelle plus adapt\u00e9e pour agir et interagir avec le milieu dans les actions que l\u2019on m\u00e8ne, que ce soit dans le quotidien ou dans la pratique sportive autre que celle-ci. Cette pratique <strong><em><span style=\"color: #a93226;\">renforce le syst\u00e8me musculaire et d\u00e9veloppe le gainage<\/span><\/em><\/strong> depuis les bras jusqu\u2019aux jambes, et inversement.<\/p>\n<p><iframe loading=\"lazy\" title=\"Newtball - Comment am\u00e9liorer sa posture et le gainage en s&#039;amusant - par Fr\u00e9d\u00e9ric Brigaud\" width=\"525\" height=\"394\" src=\"https:\/\/www.youtube.com\/embed\/mm6igKYZfO4?feature=oembed\" frameborder=\"0\" allow=\"accelerometer; autoplay; clipboard-write; encrypted-media; gyroscope; picture-in-picture; web-share\" referrerpolicy=\"strict-origin-when-cross-origin\" allowfullscreen><\/iframe><\/p>\n<p><a class=\"yt-uix-servicelink \" href=\"http:\/\/bit.ly\/ameliorerposture-livre\" target=\"_blank\" rel=\"nofollow noopener noreferrer\" data-servicelink=\"CDEQ6TgYACITCKXAjfrWl9UCFU8WFgodQ3sLeij4HQ\" data-target-new-window=\"True\" data-url=\"http:\/\/bit.ly\/ameliorerposture-livre\">http:\/\/bit.ly\/ameliorerposture-livre<\/a><\/p>\n","protected":false},"excerpt":{"rendered":"<p>Le Newtball\u00a9\u00a0est un jeu de balle qui se joue avec la main. Il oppose deux ou quatre joueurs. Le but du jeu est de r\u00e9ceptionner et de relancer une balle lest\u00e9e (400g ou 900g env.) dans le camp adverse sans la frapper, indiff\u00e9remment avec la main droite ou la main gauche, de telle sorte que &hellip; <\/p>\n<p class=\"link-more\"><a href=\"https:\/\/newtball.com\/index.php\/a-propos-de\/\" class=\"more-link\">Continuer la lecture<span class=\"screen-reader-text\"> de &laquo;&nbsp;\u00c0 propos du NewtBall&nbsp;&raquo;<\/span><\/a><\/p>\n","protected":false},"author":1,"featured_media":0,"parent":0,"menu_order":0,"comment_status":"closed","ping_status":"closed","template":"","meta":{"footnotes":""},"class_list":["post-8","page","type-page","status-publish","hentry"],"_links":{"self":[{"href":"https:\/\/newtball.com\/index.php\/wp-json\/wp\/v2\/pages\/8","targetHints":{"allow":["GET"]}}],"collection":[{"href":"https:\/\/newtball.com\/index.php\/wp-json\/wp\/v2\/pages"}],"about":[{"href":"https:\/\/newtball.com\/index.php\/wp-json\/wp\/v2\/types\/page"}],"author":[{"embeddable":true,"href":"https:\/\/newtball.com\/index.php\/wp-json\/wp\/v2\/users\/1"}],"replies":[{"embeddable":true,"href":"https:\/\/newtball.com\/index.php\/wp-json\/wp\/v2\/comments?post=8"}],"version-history":[{"count":14,"href":"https:\/\/newtball.com\/index.php\/wp-json\/wp\/v2\/pages\/8\/revisions"}],"predecessor-version":[{"id":95,"href":"https:\/\/newtball.com\/index.php\/wp-json\/wp\/v2\/pages\/8\/revisions\/95"}],"wp:attachment":[{"href":"https:\/\/newtball.com\/index.php\/wp-json\/wp\/v2\/media?parent=8"}],"curies":[{"name":"wp","href":"https:\/\/api.w.org\/{rel}","templated":true}]}}